CRAN Package Check Results for Package kzfs

Last updated on 2021-12-01 23:51:41 CET.

Flavor Version Tinstall Tcheck Ttotal Status Flags
r-devel-linux-x86_64-debian-clang 1.5.0.2 9.58 60.30 69.88 OK
r-devel-linux-x86_64-debian-gcc 1.5.0.2 6.21 44.13 50.34 OK
r-devel-linux-x86_64-fedora-clang 1.5.0.2 94.55 NOTE
r-devel-linux-x86_64-fedora-gcc 1.5.0.2 80.97 OK
r-devel-windows-x86_64-new-UL 1.5.0.2 19.00 91.00 110.00 OK
r-devel-windows-x86_64-new-TK 1.5.0.2 OK
r-devel-windows-x86_64-old 1.5.0.2 13.00 61.00 74.00 OK
r-patched-linux-x86_64 1.5.0.2 7.28 57.49 64.77 OK
r-patched-solaris-x86 1.5.0.2 109.30 OK
r-release-linux-x86_64 1.5.0.2 7.50 57.14 64.64 OK
r-release-macos-arm64 1.5.0.2 OK
r-release-macos-x86_64 1.5.0.2 OK
r-release-windows-ix86+x86_64 1.5.0.2 15.00 103.00 118.00 OK
r-oldrel-macos-x86_64 1.5.0.2 OK
r-oldrel-windows-ix86+x86_64 1.5.0.2 17.00 101.00 118.00 OK

Check Details

Version: 1.5.0.2
Check: Rd cross-references
Result: NOTE
    Undeclared package ‘kza’ in Rd xrefs
Flavor: r-devel-linux-x86_64-fedora-clang