CRAN Package Check Results for Package kulife

Last updated on 2021-10-24 23:51:51 CEST.

Flavor Version Tinstall Tcheck Ttotal Status Flags
r-devel-linux-x86_64-debian-clang 0.1-14 2.37 33.24 35.61 NOTE
r-devel-linux-x86_64-debian-gcc 0.1-14 1.61 26.14 27.75 NOTE
r-devel-linux-x86_64-fedora-clang 0.1-14 53.34 NOTE
r-devel-linux-x86_64-fedora-gcc 0.1-14 42.90 NOTE
r-devel-windows-x86_64 0.1-14 4.00 54.00 58.00 NOTE
r-devel-windows-x86_64-gcc10-UCRT 0.1-14 NOTE
r-patched-linux-x86_64 0.1-14 2.37 32.90 35.27 NOTE
r-patched-solaris-x86 0.1-14 73.00 NOTE
r-release-linux-x86_64 0.1-14 1.62 31.94 33.56 NOTE
r-release-macos-arm64 0.1-14 NOTE
r-release-macos-x86_64 0.1-14 NOTE
r-release-windows-ix86+x86_64 0.1-14 4.00 53.00 57.00 NOTE
r-oldrel-macos-x86_64 0.1-14 NOTE
r-oldrel-windows-ix86+x86_64 0.1-14 5.00 55.00 60.00 NOTE

Check Details

Version: 0.1-14
Check: DESCRIPTION meta-information
Result: NOTE
    Malformed Description field: should contain one or more complete sentences.
Flavors: r-devel-linux-x86_64-debian-clang, r-devel-linux-x86_64-debian-gcc, r-devel-linux-x86_64-fedora-clang, r-devel-linux-x86_64-fedora-gcc, r-devel-windows-x86_64, r-devel-windows-x86_64-gcc10-UCRT, r-patched-linux-x86_64, r-patched-solaris-x86, r-release-linux-x86_64, r-release-macos-arm64, r-release-macos-x86_64, r-release-windows-ix86+x86_64, r-oldrel-macos-x86_64, r-oldrel-windows-ix86+x86_64

Version: 0.1-14
Check: dependencies in R code
Result: NOTE
    'library' or 'require' call to 'XML' in package code.
     Please use :: or requireNamespace() instead.
     See section 'Suggested packages' in the 'Writing R Extensions' manual.
Flavors: r-devel-linux-x86_64-debian-clang, r-devel-linux-x86_64-debian-gcc, r-devel-linux-x86_64-fedora-clang, r-devel-linux-x86_64-fedora-gcc, r-devel-windows-x86_64, r-devel-windows-x86_64-gcc10-UCRT, r-patched-linux-x86_64, r-patched-solaris-x86, r-release-linux-x86_64, r-release-macos-arm64, r-release-macos-x86_64, r-release-windows-ix86+x86_64, r-oldrel-macos-x86_64, r-oldrel-windows-ix86+x86_64

Version: 0.1-14
Check: R code for possible problems
Result: NOTE
    auc: no visible global function definition for 'approx'
    kulife.colors: no visible global function definition for 'palette'
    rootonorm: no visible global function definition for 'sd'
    rootonorm: no visible global function definition for 'hist'
    rootonorm: no visible global function definition for 'pnorm'
    rootonorm: no visible global function definition for 'dnorm'
    rootonorm: no visible global function definition for 'rect'
    rootonorm: no visible global function definition for 'lines'
    rootonorm: no visible global function definition for 'abline'
    Undefined global functions or variables:
     abline approx dnorm hist lines palette pnorm rect sd
    Consider adding
     importFrom("grDevices", "palette")
     importFrom("graphics", "abline", "hist", "lines", "rect")
     importFrom("stats", "approx", "dnorm", "pnorm", "sd")
    to your NAMESPACE file.
Flavors: r-devel-linux-x86_64-debian-clang, r-devel-linux-x86_64-debian-gcc, r-devel-linux-x86_64-fedora-clang, r-devel-linux-x86_64-fedora-gcc, r-devel-windows-x86_64, r-devel-windows-x86_64-gcc10-UCRT, r-patched-linux-x86_64, r-patched-solaris-x86, r-release-linux-x86_64, r-release-macos-arm64, r-release-macos-x86_64, r-release-windows-ix86+x86_64, r-oldrel-macos-x86_64, r-oldrel-windows-ix86+x86_64

Version: 0.1-14
Check: for non-standard things in the check directory
Result: NOTE
    Found the following files/directories:
     'mydata.xml' 'swarms.pdf'
Flavors: r-devel-linux-x86_64-debian-clang, r-devel-linux-x86_64-debian-gcc, r-devel-linux-x86_64-fedora-clang, r-devel-linux-x86_64-fedora-gcc, r-patched-linux-x86_64, r-patched-solaris-x86, r-release-linux-x86_64