Last updated on 2023-05-30 00:59:48 CEST.
Flavor | Version | Tinstall | Tcheck | Ttotal | Status | Flags |
---|---|---|---|---|---|---|
r-devel-linux-x86_64-debian-clang | 0.4.0 | 8.57 | 88.56 | 97.13 | OK | |
r-devel-linux-x86_64-debian-gcc | 0.4.0 | 6.70 | 66.94 | 73.64 | OK | |
r-devel-linux-x86_64-fedora-clang | 0.4.0 | 117.75 | NOTE | |||
r-devel-linux-x86_64-fedora-gcc | 0.4.0 | 124.02 | NOTE | |||
r-devel-windows-x86_64 | 0.4.0 | 8.00 | 85.00 | 93.00 | OK | |
r-patched-linux-x86_64 | 0.4.0 | 8.19 | 83.01 | 91.20 | OK | |
r-release-linux-x86_64 | 0.4.0 | 5.02 | 83.85 | 88.87 | OK | |
r-release-macos-arm64 | 0.4.0 | 43.00 | OK | |||
r-release-macos-x86_64 | 0.4.0 | 79.00 | OK | |||
r-release-windows-x86_64 | 0.4.0 | 10.00 | 98.00 | 108.00 | OK | |
r-oldrel-macos-arm64 | 0.4.0 | 38.00 | NOTE | |||
r-oldrel-macos-x86_64 | 0.4.0 | 68.00 | NOTE | |||
r-oldrel-windows-x86_64 | 0.4.0 | 10.00 | 102.00 | 112.00 | OK |
Version: 0.4.0
Check: dependencies in R code
Result: NOTE
Namespaces in Imports field not imported from:
‘mice’ ‘tibble’
All declared Imports should be used.
Flavors: r-devel-linux-x86_64-fedora-clang, r-devel-linux-x86_64-fedora-gcc, r-oldrel-macos-arm64, r-oldrel-macos-x86_64