CRAN Package Check Results for Package koRpus

Last updated on 2021-08-03 23:52:13 CEST.

Flavor Version Tinstall Tcheck Ttotal Status Flags
r-devel-linux-x86_64-debian-clang 0.13-8 22.86 169.13 191.99 NOTE
r-devel-linux-x86_64-debian-gcc 0.13-8 19.57 122.91 142.48 NOTE
r-devel-linux-x86_64-fedora-clang 0.13-8 232.51 NOTE
r-devel-linux-x86_64-fedora-gcc 0.13-8 223.47 NOTE
r-devel-windows-x86_64 0.13-8 29.00 214.00 243.00 NOTE
r-devel-windows-x86_64-gcc10-UCRT 0.13-8 NOTE
r-patched-linux-x86_64 0.13-8 25.54 156.31 181.85 NOTE
r-patched-solaris-x86 0.13-8 282.10 NOTE
r-release-linux-x86_64 0.13-8 22.13 157.76 179.89 NOTE
r-release-macos-arm64 0.13-8 NOTE
r-release-macos-x86_64 0.13-8 NOTE
r-release-windows-ix86+x86_64 0.13-8 46.00 215.00 261.00 NOTE
r-oldrel-macos-x86_64 0.13-8 NOTE
r-oldrel-windows-ix86+x86_64 0.13-8 33.00 211.00 244.00 NOTE

Check Details

Version: 0.13-8
Check: package dependencies
Result: NOTE
    Packages suggested but not available for checking:
     'koRpus.lang.de', 'koRpus.lang.es', 'koRpus.lang.fr',
     'koRpus.lang.it', 'koRpus.lang.nl', 'koRpus.lang.pt',
     'koRpus.lang.ru'
    
    Package which this enhances but not available for checking: 'rkward'
Flavors: r-devel-linux-x86_64-debian-clang, r-devel-linux-x86_64-debian-gcc, r-devel-linux-x86_64-fedora-clang, r-devel-linux-x86_64-fedora-gcc, r-devel-windows-x86_64, r-devel-windows-x86_64-gcc10-UCRT, r-patched-linux-x86_64, r-patched-solaris-x86, r-release-linux-x86_64, r-release-macos-arm64, r-release-macos-x86_64, r-release-windows-ix86+x86_64, r-oldrel-macos-x86_64, r-oldrel-windows-ix86+x86_64