CRAN Package Check Results for Package kntnr

Last updated on 2021-09-23 23:50:10 CEST.

Flavor Version Tinstall Tcheck Ttotal Status Flags
r-devel-linux-x86_64-debian-clang 0.4.4 4.00 48.62 52.62 NOTE
r-devel-linux-x86_64-debian-gcc 0.4.4 2.95 37.43 40.38 NOTE
r-devel-linux-x86_64-fedora-clang 0.4.4 72.78 NOTE
r-devel-linux-x86_64-fedora-gcc 0.4.4 59.11 NOTE
r-devel-windows-x86_64 0.4.4 6.00 54.00 60.00 NOTE
r-devel-windows-x86_64-gcc10-UCRT 0.4.4 NOTE
r-patched-linux-x86_64 0.4.4 4.11 45.81 49.92 NOTE
r-patched-solaris-x86 0.4.4 85.90 NOTE
r-release-linux-x86_64 0.4.4 3.87 45.18 49.05 NOTE
r-release-macos-arm64 0.4.4 NOTE
r-release-macos-x86_64 0.4.4 NOTE
r-release-windows-ix86+x86_64 0.4.4 11.00 50.00 61.00 NOTE
r-oldrel-macos-x86_64 0.4.4 OK
r-oldrel-windows-ix86+x86_64 0.4.4 8.00 52.00 60.00 OK

Check Details

Version: 0.4.4
Check: LazyData
Result: NOTE
     'LazyData' is specified without a 'data' directory
Flavors: r-devel-linux-x86_64-debian-clang, r-devel-linux-x86_64-debian-gcc, r-devel-linux-x86_64-fedora-clang, r-devel-linux-x86_64-fedora-gcc, r-devel-windows-x86_64, r-devel-windows-x86_64-gcc10-UCRT, r-patched-linux-x86_64, r-patched-solaris-x86, r-release-linux-x86_64, r-release-macos-arm64, r-release-macos-x86_64, r-release-windows-ix86+x86_64