CRAN Package Check Results for Package knitrdata

Last updated on 2024-06-16 00:58:23 CEST.

Flavor Version Tinstall Tcheck Ttotal Status Flags
r-devel-linux-x86_64-debian-clang 0.6.1 2.92 52.74 55.66 NOTE
r-devel-linux-x86_64-debian-gcc 0.6.1 2.51 41.45 43.96 NOTE
r-devel-linux-x86_64-fedora-clang 0.6.1 72.70 NOTE
r-devel-linux-x86_64-fedora-gcc 0.6.1 81.86 NOTE
r-devel-windows-x86_64 0.6.1 3.00 68.00 71.00 NOTE
r-patched-linux-x86_64 0.6.1 2.14 51.42 53.56 NOTE
r-release-linux-x86_64 0.6.1 3.03 50.29 53.32 NOTE
r-release-macos-arm64 0.6.1 37.00 NOTE
r-release-macos-x86_64 0.6.1 79.00 NOTE
r-release-windows-x86_64 0.6.1 4.00 72.00 76.00 NOTE
r-oldrel-macos-arm64 0.6.1 36.00 NOTE
r-oldrel-macos-x86_64 0.6.1 51.00 NOTE
r-oldrel-windows-x86_64 0.6.1 4.00 70.00 74.00 NOTE

Check Details

Version: 0.6.1
Check: LazyData
Result: NOTE 'LazyData' is specified without a 'data' directory Flavors: r-devel-linux-x86_64-debian-clang, r-devel-linux-x86_64-debian-gcc, r-devel-linux-x86_64-fedora-clang, r-devel-linux-x86_64-fedora-gcc, r-devel-windows-x86_64, r-patched-linux-x86_64, r-release-linux-x86_64, r-release-macos-arm64, r-release-macos-x86_64, r-release-windows-x86_64, r-oldrel-macos-arm64, r-oldrel-macos-x86_64, r-oldrel-windows-x86_64

Version: 0.6.1
Check: dependencies in R code
Result: NOTE Namespace in Imports field not imported from: ‘methods’ All declared Imports should be used. Flavors: r-devel-linux-x86_64-fedora-clang, r-devel-linux-x86_64-fedora-gcc