CRAN Package Check Results for Package knitr

Last updated on 2021-11-29 23:50:42 CET.

Flavor Version Tinstall Tcheck Ttotal Status Flags
r-devel-linux-x86_64-debian-clang 1.36 10.44 94.92 105.36 OK
r-devel-linux-x86_64-debian-gcc 1.36 8.72 72.79 81.51 OK
r-devel-linux-x86_64-fedora-clang 1.36 142.50 OK
r-devel-linux-x86_64-fedora-gcc 1.36 138.40 OK
r-devel-windows-x86_64-new-UL 1.36 36.00 265.00 301.00 OK
r-devel-windows-x86_64-new-TK 1.36 OK
r-devel-windows-x86_64-old 1.36 19.00 121.00 140.00 OK
r-patched-linux-x86_64 1.36 15.43 94.49 109.92 OK
r-patched-solaris-x86 1.36 174.40 NOTE
r-release-linux-x86_64 1.36 9.85 95.13 104.98 OK
r-release-macos-arm64 1.36 OK
r-release-macos-x86_64 1.36 OK
r-release-windows-ix86+x86_64 1.36 21.00 145.00 166.00 OK
r-oldrel-macos-x86_64 1.36 OK
r-oldrel-windows-ix86+x86_64 1.36 16.00 102.00 118.00 OK

Check Details

Version: 1.36
Check: package dependencies
Result: NOTE
    Package suggested but not available for checking: ‘gifski’
Flavor: r-patched-solaris-x86