Last updated on 2025-01-17 00:49:08 CET.
Flavor | Version | Tinstall | Tcheck | Ttotal | Status | Flags |
---|---|---|---|---|---|---|
r-devel-linux-x86_64-debian-clang | 1.0.1.9 | 20.70 | 138.05 | 158.75 | OK | |
r-devel-linux-x86_64-debian-gcc | 1.0.1.9 | 14.36 | 100.12 | 114.48 | OK | |
r-devel-linux-x86_64-fedora-clang | 1.0.1.9 | 257.94 | OK | |||
r-devel-linux-x86_64-fedora-gcc | 1.0.1.9 | 256.01 | OK | |||
r-devel-windows-x86_64 | 1.0.1.9 | 22.00 | 129.00 | 151.00 | OK | |
r-patched-linux-x86_64 | 1.0.1.9 | 21.45 | 127.61 | 149.06 | NOTE | |
r-release-linux-x86_64 | 1.0.1.9 | 17.49 | 126.11 | 143.60 | NOTE | |
r-release-macos-arm64 | 1.0.1.9 | 69.00 | NOTE | |||
r-release-macos-x86_64 | 1.0.1.9 | 108.00 | NOTE | |||
r-release-windows-x86_64 | 1.0.1.9 | 24.00 | 127.00 | 151.00 | NOTE | |
r-oldrel-macos-arm64 | 1.0.1.9 | 76.00 | NOTE | |||
r-oldrel-macos-x86_64 | 1.0.1.9 | 141.00 | NOTE | |||
r-oldrel-windows-x86_64 | 1.0.1.9 | 29.00 | 159.00 | 188.00 | NOTE |
Version: 1.0.1.9
Check: package dependencies
Result: NOTE
Package suggested but not available for checking: ‘kadmin’
Flavors: r-patched-linux-x86_64, r-release-linux-x86_64, r-release-macos-arm64, r-release-macos-x86_64, r-release-windows-x86_64, r-oldrel-macos-arm64, r-oldrel-macos-x86_64, r-oldrel-windows-x86_64