CRAN Package Check Results for Package kgschart

Last updated on 2021-08-03 23:52:13 CEST.

Flavor Version Tinstall Tcheck Ttotal Status Flags
r-devel-linux-x86_64-debian-clang 1.3.5 3.55 41.54 45.09 NOTE
r-devel-linux-x86_64-debian-gcc 1.3.5 2.62 32.23 34.85 NOTE
r-devel-linux-x86_64-fedora-clang 1.3.5 63.39 NOTE
r-devel-linux-x86_64-fedora-gcc 1.3.5 51.91 NOTE
r-devel-windows-x86_64 1.3.5 4.00 68.00 72.00 NOTE
r-devel-windows-x86_64-gcc10-UCRT 1.3.5 NOTE
r-patched-linux-x86_64 1.3.5 3.13 40.24 43.37 NOTE
r-patched-solaris-x86 1.3.5 102.60 NOTE
r-release-linux-x86_64 1.3.5 2.69 40.77 43.46 NOTE
r-release-macos-arm64 1.3.5 NOTE
r-release-macos-x86_64 1.3.5 NOTE
r-release-windows-ix86+x86_64 1.3.5 7.00 72.00 79.00 NOTE
r-oldrel-macos-x86_64 1.3.5 OK
r-oldrel-windows-ix86+x86_64 1.3.5 6.00 64.00 70.00 OK

Check Details

Version: 1.3.5
Check: LazyData
Result: NOTE
     'LazyData' is specified without a 'data' directory
Flavors: r-devel-linux-x86_64-debian-clang, r-devel-linux-x86_64-debian-gcc, r-devel-linux-x86_64-fedora-clang, r-devel-linux-x86_64-fedora-gcc, r-devel-windows-x86_64, r-devel-windows-x86_64-gcc10-UCRT, r-patched-linux-x86_64, r-patched-solaris-x86, r-release-linux-x86_64, r-release-macos-arm64, r-release-macos-x86_64, r-release-windows-ix86+x86_64