CRAN Package Check Results for Package kgrams

Last updated on 2022-01-21 23:48:50 CET.

Flavor Version Tinstall Tcheck Ttotal Status Flags
r-devel-linux-x86_64-debian-clang 0.1.2 108.68 143.26 251.94 OK
r-devel-linux-x86_64-debian-gcc 0.1.2 98.57 110.89 209.46 OK
r-devel-linux-x86_64-fedora-clang 0.1.2 348.33 NOTE
r-devel-linux-x86_64-fedora-gcc 0.1.2 336.79 NOTE
r-devel-windows-x86_64-new-UL 0.1.2 119.00 210.00 329.00 OK
r-devel-windows-x86_64-new-TK 0.1.2 NOTE
r-patched-linux-x86_64 0.1.2 101.35 136.72 238.07 OK
r-release-linux-x86_64 0.1.2 103.20 137.51 240.71 OK
r-release-macos-arm64 0.1.2 NOTE
r-release-macos-x86_64 0.1.2 NOTE
r-release-windows-ix86+x86_64 0.1.2 255.00 233.00 488.00 OK
r-oldrel-macos-x86_64 0.1.2 NOTE
r-oldrel-windows-ix86+x86_64 0.1.2 256.00 241.00 497.00 OK

Check Details

Version: 0.1.2
Check: installed package size
Result: NOTE
     installed size is 15.1Mb
     sub-directories of 1Mb or more:
     libs 14.7Mb
Flavors: r-devel-linux-x86_64-fedora-clang, r-release-macos-arm64, r-release-macos-x86_64, r-oldrel-macos-x86_64

Version: 0.1.2
Check: dependencies in R code
Result: NOTE
    Namespace in Imports field not imported from: ‘RcppProgress’
     All declared Imports should be used.
Flavors: r-devel-linux-x86_64-fedora-clang, r-devel-linux-x86_64-fedora-gcc, r-devel-windows-x86_64-new-TK, r-release-macos-arm64, r-release-macos-x86_64, r-oldrel-macos-x86_64