Last updated on 2023-10-04 00:58:27 CEST.
Flavor | Version | Tinstall | Tcheck | Ttotal | Status | Flags |
---|---|---|---|---|---|---|
r-devel-linux-x86_64-debian-clang | 1.3.1 | 9.84 | 34.25 | 44.09 | NOTE | |
r-devel-linux-x86_64-debian-gcc | 1.3.1 | 9.45 | 26.41 | 35.86 | NOTE | |
r-devel-linux-x86_64-fedora-clang | 1.3.1 | 62.15 | NOTE | |||
r-devel-linux-x86_64-fedora-gcc | 1.3.1 | 66.55 | NOTE | |||
r-devel-windows-x86_64 | 1.3.1 | 22.00 | 58.00 | 80.00 | NOTE | |
r-patched-linux-x86_64 | 1.3.1 | 10.80 | 33.55 | 44.35 | OK | |
r-release-linux-x86_64 | 1.3.1 | 10.53 | 34.14 | 44.67 | OK | |
r-release-macos-arm64 | 1.3.1 | 28.00 | OK | |||
r-release-macos-x86_64 | 1.3.1 | 43.00 | OK | |||
r-release-windows-x86_64 | 1.3.1 | 26.00 | 58.00 | 84.00 | OK | |
r-oldrel-macos-arm64 | 1.3.1 | 29.00 | OK | |||
r-oldrel-macos-x86_64 | 1.3.1 | 47.00 | OK | |||
r-oldrel-windows-x86_64 | 1.3.1 | 15.00 | 54.00 | 69.00 | OK |
Version: 1.3.1
Check: Rd \usage sections
Result: NOTE
Documented arguments not in \usage in documentation object 'b_wincred_get':
‘backend’
Functions with \usage entries need to have the appropriate \alias
entries, and all their arguments documented.
The \usage entries must correspond to syntactically valid R code.
See chapter ‘Writing R documentation files’ in the ‘Writing R
Extensions’ manual.
Flavors: r-devel-linux-x86_64-debian-clang, r-devel-linux-x86_64-debian-gcc, r-devel-linux-x86_64-fedora-clang, r-devel-linux-x86_64-fedora-gcc, r-devel-windows-x86_64