CRAN Package Check Results for Package keyATM

Last updated on 2021-10-15 23:50:32 CEST.

Flavor Version Tinstall Tcheck Ttotal Status Flags
r-devel-linux-x86_64-debian-clang 0.4.0 208.04 162.91 370.95 OK
r-devel-linux-x86_64-debian-gcc 0.4.0 154.84 112.53 267.37 OK
r-devel-linux-x86_64-fedora-clang 0.4.0 564.85 NOTE
r-devel-linux-x86_64-fedora-gcc 0.4.0 508.22 OK
r-devel-windows-x86_64 0.4.0 206.00 154.00 360.00 OK
r-devel-windows-x86_64-gcc10-UCRT 0.4.0 OK
r-patched-linux-x86_64 0.4.0 195.19 157.12 352.31 OK
r-patched-solaris-x86 0.4.0 498.30 OK
r-release-linux-x86_64 0.4.0 174.53 155.41 329.94 OK
r-release-macos-arm64 0.4.0 NOTE
r-release-macos-x86_64 0.4.0 NOTE
r-release-windows-ix86+x86_64 0.4.0 540.00 344.00 884.00 OK
r-oldrel-macos-x86_64 0.4.0 NOTE
r-oldrel-windows-ix86+x86_64 0.4.0 537.00 360.00 897.00 OK

Check Details

Version: 0.4.0
Check: installed package size
Result: NOTE
     installed size is 11.7Mb
     sub-directories of 1Mb or more:
     libs 11.3Mb
Flavors: r-devel-linux-x86_64-fedora-clang, r-release-macos-arm64, r-release-macos-x86_64, r-oldrel-macos-x86_64