CRAN Package Check Results for Package katex

Last updated on 2022-09-25 23:56:16 CEST.

Flavor Version Tinstall Tcheck Ttotal Status Flags
r-devel-linux-x86_64-debian-clang 1.4.0 3.17 37.88 41.05 NOTE
r-devel-linux-x86_64-debian-gcc 1.4.0 2.68 29.58 32.26 NOTE
r-devel-linux-x86_64-fedora-clang 1.4.0 61.93 NOTE
r-devel-linux-x86_64-fedora-gcc 1.4.0 60.21 NOTE
r-devel-windows-x86_64 1.4.0 11.00 71.00 82.00 NOTE
r-patched-linux-x86_64 1.4.0 3.46 36.22 39.68 OK
r-release-linux-x86_64 1.4.0 3.31 36.73 40.04 OK
r-release-macos-arm64 1.4.0 22.00 OK
r-release-macos-x86_64 1.4.0 30.00 OK
r-release-windows-x86_64 1.4.0 10.00 67.00 77.00 OK
r-oldrel-macos-arm64 1.4.0 19.00 OK
r-oldrel-macos-x86_64 1.4.0 26.00 OK
r-oldrel-windows-ix86+x86_64 1.4.0 11.00 78.00 89.00 OK

Check Details

Version: 1.4.0
Check: HTML version of manual
Result: NOTE
    Found the following HTML validation problems:
    math_to_rd.html:81:2153: Warning: <svg> attribute "width" has invalid value "400em"
    math_to_rd.html:81:2153: Warning: <svg> attribute "height" has invalid value "1.08em"
Flavors: r-devel-linux-x86_64-debian-clang, r-devel-linux-x86_64-debian-gcc, r-devel-linux-x86_64-fedora-clang, r-devel-linux-x86_64-fedora-gcc, r-devel-windows-x86_64