CRAN Package Check Results for Package karaoke

Last updated on 2022-05-26 23:52:58 CEST.

Flavor Version Tinstall Tcheck Ttotal Status Flags
r-devel-linux-x86_64-debian-clang 1.0 3.89 44.83 48.72 NOTE
r-devel-linux-x86_64-debian-gcc 1.0 2.87 38.62 41.49 NOTE
r-devel-linux-x86_64-fedora-clang 1.0 56.96 NOTE
r-devel-linux-x86_64-fedora-gcc 1.0 55.53 NOTE
r-devel-windows-x86_64 1.0 8.00 60.00 68.00 OK
r-patched-linux-x86_64 1.0 2.89 43.22 46.11 NOTE
r-release-linux-x86_64 1.0 3.47 43.39 46.86 NOTE
r-release-macos-arm64 1.0 21.00 OK
r-release-macos-x86_64 1.0 27.00 OK
r-release-windows-x86_64 1.0 10.00 62.00 72.00 OK
r-oldrel-macos-arm64 1.0 27.00 OK
r-oldrel-macos-x86_64 1.0 38.00 OK
r-oldrel-windows-ix86+x86_64 1.0 8.00 65.00 73.00 OK

Check Details

Version: 1.0
Check: for non-standard things in the check directory
Result: NOTE
    Found the following files/directories:
     'song.wav' 'song4karaoke.wav'
Flavors: r-devel-linux-x86_64-debian-clang, r-devel-linux-x86_64-debian-gcc, r-devel-linux-x86_64-fedora-clang, r-devel-linux-x86_64-fedora-gcc, r-patched-linux-x86_64, r-release-linux-x86_64