Last updated on 2023-01-30 23:56:22 CET.
Flavor | Version | Tinstall | Tcheck | Ttotal | Status | Flags |
---|---|---|---|---|---|---|
r-devel-linux-x86_64-debian-clang | 1.2.2 | 73.88 | 34.92 | 108.80 | OK | |
r-devel-linux-x86_64-debian-gcc | 1.2.2 | 63.66 | 26.91 | 90.57 | NOTE | |
r-devel-linux-x86_64-fedora-clang | 1.2.2 | 164.38 | NOTE | |||
r-devel-linux-x86_64-fedora-gcc | 1.2.2 | 171.91 | NOTE | |||
r-devel-windows-x86_64 | 1.2.2 | 142.00 | 96.00 | 238.00 | NOTE | |
r-patched-linux-x86_64 | 1.2.2 | 61.18 | 34.36 | 95.54 | OK | |
r-release-linux-x86_64 | 1.2.2 | 63.47 | 34.49 | 97.96 | OK | |
r-release-macos-arm64 | 1.2.2 | 44.00 | NOTE | |||
r-release-macos-x86_64 | 1.2.2 | 57.00 | NOTE | |||
r-release-windows-x86_64 | 1.2.2 | 83.00 | 102.00 | 185.00 | OK | |
r-oldrel-macos-arm64 | 1.2.2 | 48.00 | NOTE | |||
r-oldrel-macos-x86_64 | 1.2.2 | 60.00 | NOTE | |||
r-oldrel-windows-ix86+x86_64 | 1.2.2 | 178.00 | 94.00 | 272.00 | OK |
Version: 1.2.2
Check: C++ specification
Result: NOTE
Specified C++11: please update to current default of C++17
Flavors: r-devel-linux-x86_64-debian-gcc, r-devel-linux-x86_64-fedora-clang, r-devel-linux-x86_64-fedora-gcc, r-devel-windows-x86_64
Version: 1.2.2
Check: installed package size
Result: NOTE
installed size is 5.4Mb
sub-directories of 1Mb or more:
doc 1.2Mb
libs 4.0Mb
Flavors: r-release-macos-arm64, r-release-macos-x86_64, r-oldrel-macos-arm64, r-oldrel-macos-x86_64