CRAN Package Check Results for Package jsTreeR

Last updated on 2021-09-23 23:50:10 CEST.

Flavor Version Tinstall Tcheck Ttotal Status Flags
r-devel-linux-x86_64-debian-clang 1.4.0 5.95 45.88 51.83 OK
r-devel-linux-x86_64-debian-gcc 1.4.0 4.00 35.91 39.91 OK
r-devel-linux-x86_64-fedora-clang 1.4.0 70.49 NOTE
r-devel-linux-x86_64-fedora-gcc 1.4.0 58.80 NOTE
r-devel-windows-x86_64 1.3.1 8.00 55.00 63.00 OK
r-devel-windows-x86_64-gcc10-UCRT 1.4.0 NOTE
r-patched-linux-x86_64 1.4.0 6.12 44.47 50.59 OK
r-patched-solaris-x86 1.4.0 80.10 NOTE
r-release-linux-x86_64 1.4.0 4.00 44.53 48.53 OK
r-release-macos-arm64 1.3.1 NOTE
r-release-macos-x86_64 1.4.0 NOTE
r-release-windows-ix86+x86_64 1.4.0 19.00 84.00 103.00 OK
r-oldrel-macos-x86_64 1.4.0 NOTE
r-oldrel-windows-ix86+x86_64 1.4.0 11.00 61.00 72.00 OK

Check Details

Version: 1.4.0
Check: data for non-ASCII characters
Result: NOTE
     Note: found 17 marked UTF-8 strings
Flavors: r-devel-linux-x86_64-fedora-clang, r-devel-linux-x86_64-fedora-gcc, r-devel-windows-x86_64-gcc10-UCRT, r-patched-solaris-x86, r-release-macos-x86_64, r-oldrel-macos-x86_64

Version: 1.3.1
Check: data for non-ASCII characters
Result: NOTE
     Note: found 17 marked UTF-8 strings
Flavor: r-release-macos-arm64