CRAN Package Check Results for Package jsTreeR

Last updated on 2023-06-07 01:03:28 CEST.

Flavor Version Tinstall Tcheck Ttotal Status Flags
r-devel-linux-x86_64-debian-clang 2.3.1 7.47 46.47 53.94 OK
r-devel-linux-x86_64-debian-gcc 2.3.1 6.02 36.93 42.95 OK
r-devel-linux-x86_64-fedora-clang 2.3.1 66.47 NOTE
r-devel-linux-x86_64-fedora-gcc 2.3.1 63.37 NOTE
r-devel-windows-x86_64 2.3.1 13.00 63.00 76.00 OK
r-patched-linux-x86_64 2.3.1 4.73 44.58 49.31 OK
r-release-linux-x86_64 2.3.1 5.62 45.29 50.91 OK
r-release-macos-arm64 2.3.1 26.00 NOTE
r-release-macos-x86_64 2.3.1 39.00 NOTE
r-release-windows-x86_64 2.3.1 15.00 71.00 86.00 OK
r-oldrel-macos-arm64 2.3.1 27.00 NOTE
r-oldrel-macos-x86_64 2.3.1 35.00 NOTE
r-oldrel-windows-x86_64 2.3.1 16.00 73.00 89.00 OK

Check Details

Version: 2.3.1
Check: installed package size
Result: NOTE
     installed size is 6.9Mb
     sub-directories of 1Mb or more:
     examples 2.9Mb
     htmlwidgets 1.1Mb
     www 2.7Mb
Flavors: r-devel-linux-x86_64-fedora-clang, r-release-macos-arm64, r-release-macos-x86_64, r-oldrel-macos-arm64, r-oldrel-macos-x86_64

Version: 2.3.1
Check: data for non-ASCII characters
Result: NOTE
     Note: found 17 marked UTF-8 strings
Flavors: r-devel-linux-x86_64-fedora-clang, r-devel-linux-x86_64-fedora-gcc