CRAN Package Check Results for Package jqbr

Last updated on 2024-07-22 00:50:39 CEST.

Flavor Version Tinstall Tcheck Ttotal Status Flags
r-devel-linux-x86_64-debian-clang 1.0.3 4.28 42.54 46.82 OK
r-devel-linux-x86_64-debian-gcc 1.0.3 2.97 32.14 35.11 NOTE
r-devel-linux-x86_64-fedora-clang 1.0.3 58.74 OK
r-devel-linux-x86_64-fedora-gcc 1.0.3 54.58 OK
r-devel-windows-x86_64 1.0.3 6.00 59.00 65.00 NOTE
r-patched-linux-x86_64 1.0.3 7.28 40.43 47.71 OK
r-release-linux-x86_64 1.0.3 4.72 40.16 44.88 OK
r-release-macos-arm64 1.0.3 20.00 OK
r-release-macos-x86_64 1.0.3 31.00 OK
r-release-windows-x86_64 1.0.3 6.00 52.00 58.00 OK
r-oldrel-macos-arm64 1.0.3 25.00 OK
r-oldrel-macos-x86_64 1.0.3 31.00 OK
r-oldrel-windows-x86_64 1.0.3 7.00 58.00 65.00 OK

Check Details

Version: 1.0.3
Check: Rd cross-references
Result: NOTE Found the following Rd file(s) with Rd \link{} targets missing package anchors: queryBuilderInput.Rd: shiny Please provide package anchors for all Rd \link{} targets not in the package itself and the base packages. Flavors: r-devel-linux-x86_64-debian-gcc, r-devel-windows-x86_64