Last updated on 2023-09-21 00:56:34 CEST.
Flavor | Version | Tinstall | Tcheck | Ttotal | Status | Flags |
---|---|---|---|---|---|---|
r-devel-linux-x86_64-debian-clang | 0.3.1 | 12.92 | 78.88 | 91.80 | OK | |
r-devel-linux-x86_64-debian-gcc | 0.3.1 | 9.28 | 57.50 | 66.78 | OK | |
r-devel-linux-x86_64-fedora-clang | 0.3.1 | 113.04 | NOTE | |||
r-devel-linux-x86_64-fedora-gcc | 0.3.1 | 107.92 | NOTE | |||
r-devel-windows-x86_64 | 0.3.1 | 10.00 | 77.00 | 87.00 | OK | |
r-patched-linux-x86_64 | 0.3.1 | 7.69 | 74.78 | 82.47 | OK | |
r-release-linux-x86_64 | 0.3.1 | 9.03 | 74.42 | 83.45 | OK | |
r-release-macos-arm64 | 0.3.1 | 35.00 | OK | |||
r-release-macos-x86_64 | 0.3.1 | 56.00 | OK | |||
r-release-windows-x86_64 | 0.3.1 | 14.00 | 84.00 | 98.00 | OK | |
r-oldrel-macos-arm64 | 0.3.1 | 38.00 | OK | |||
r-oldrel-macos-x86_64 | 0.3.1 | 51.00 | OK | |||
r-oldrel-windows-x86_64 | 0.3.1 | 15.00 | 88.00 | 103.00 | OK |
Version: 0.3.1
Check: data for non-ASCII characters
Result: NOTE
Note: found 925830 marked UTF-8 strings
Flavors: r-devel-linux-x86_64-fedora-clang, r-devel-linux-x86_64-fedora-gcc