CRAN Package Check Results for Package jmvconnect

Last updated on 2023-09-22 00:53:20 CEST.

Flavor Version Tinstall Tcheck Ttotal Status Flags
r-devel-linux-x86_64-debian-clang 2.3.13 26.08 32.46 58.54 NOTE
r-devel-linux-x86_64-debian-gcc 2.3.13 19.75 25.13 44.88 NOTE
r-devel-linux-x86_64-fedora-clang 2.3.13 84.97 NOTE
r-devel-linux-x86_64-fedora-gcc 2.3.13 79.65 NOTE
r-devel-windows-x86_64 2.3.13 29.00 68.00 97.00 NOTE
r-patched-linux-x86_64 2.3.13 27.64 31.12 58.76 NOTE
r-release-linux-x86_64 2.3.13 26.49 31.98 58.47 NOTE
r-release-macos-arm64 2.3.13 28.00 NOTE
r-release-macos-x86_64 2.3.13 41.00 NOTE
r-release-windows-x86_64 2.3.13 36.00 69.00 105.00 NOTE
r-oldrel-macos-arm64 2.3.13 28.00 OK
r-oldrel-macos-x86_64 2.3.13 36.00 OK
r-oldrel-windows-x86_64 2.3.13 33.00 77.00 110.00 OK

Check Details

Version: 2.3.13
Check: C++ specification
Result: NOTE
     Specified C++11: please drop specification unless essential
Flavors: r-devel-linux-x86_64-debian-clang, r-devel-linux-x86_64-debian-gcc, r-devel-linux-x86_64-fedora-clang, r-devel-linux-x86_64-fedora-gcc, r-devel-windows-x86_64, r-patched-linux-x86_64, r-release-linux-x86_64, r-release-macos-arm64, r-release-macos-x86_64, r-release-windows-x86_64