Last updated on 2023-06-04 00:54:34 CEST.
Flavor | Version | Tinstall | Tcheck | Ttotal | Status | Flags |
---|---|---|---|---|---|---|
r-devel-linux-x86_64-debian-clang | 1.0.0 | 2.32 | 45.34 | 47.66 | OK | |
r-devel-linux-x86_64-debian-gcc | 1.0.0 | 1.74 | 35.34 | 37.08 | OK | |
r-devel-linux-x86_64-fedora-clang | 1.0.0 | 60.96 | NOTE | |||
r-devel-linux-x86_64-fedora-gcc | 1.0.0 | 69.69 | NOTE | |||
r-devel-windows-x86_64 | 1.0.0 | 5.00 | 57.00 | 62.00 | OK | |
r-patched-linux-x86_64 | 1.0.0 | OK | ||||
r-release-linux-x86_64 | 1.0.0 | 1.99 | 44.04 | 46.03 | OK | |
r-release-macos-arm64 | 1.0.0 | 40.00 | OK | |||
r-release-macos-x86_64 | 1.0.0 | 45.00 | OK | |||
r-release-windows-x86_64 | 1.0.0 | 5.00 | 64.00 | 69.00 | OK | |
r-oldrel-macos-arm64 | 1.0.0 | 30.00 | NOTE | |||
r-oldrel-macos-x86_64 | 1.0.0 | 48.00 | NOTE | |||
r-oldrel-windows-x86_64 | 1.0.0 | 5.00 | 66.00 | 71.00 | OK |
Version: 1.0.0
Check: dependencies in R code
Result: NOTE
Namespaces in Imports field not imported from:
‘RColorBrewer’ ‘ggplot2’ ‘knitr’ ‘markdown’
All declared Imports should be used.
Flavors: r-devel-linux-x86_64-fedora-clang, r-devel-linux-x86_64-fedora-gcc, r-oldrel-macos-arm64, r-oldrel-macos-x86_64