CRAN Package Check Results for Package janeaustenr

Last updated on 2021-10-19 23:52:59 CEST.

Flavor Version Tinstall Tcheck Ttotal Status Flags
r-devel-linux-x86_64-debian-clang 0.1.5 2.99 24.49 27.48 OK
r-devel-linux-x86_64-debian-gcc 0.1.5 2.50 18.88 21.38 OK
r-devel-linux-x86_64-fedora-clang 0.1.5 44.08 NOTE
r-devel-linux-x86_64-fedora-gcc 0.1.5 32.92 NOTE
r-devel-windows-x86_64 0.1.5 5.00 44.00 49.00 OK
r-devel-windows-x86_64-gcc10-UCRT 0.1.5 NOTE
r-patched-linux-x86_64 0.1.5 3.02 23.11 26.13 OK
r-patched-solaris-x86 0.1.5 51.20 NOTE
r-release-linux-x86_64 0.1.5 3.24 23.49 26.73 OK
r-release-macos-arm64 0.1.5 NOTE
r-release-macos-x86_64 0.1.5 NOTE
r-release-windows-ix86+x86_64 0.1.5 6.00 42.00 48.00 OK
r-oldrel-macos-x86_64 0.1.5 NOTE
r-oldrel-windows-ix86+x86_64 0.1.5 7.00 53.00 60.00 OK

Check Details

Version: 0.1.5
Check: data for non-ASCII characters
Result: NOTE
     Note: found 1 marked UTF-8 string
Flavors: r-devel-linux-x86_64-fedora-clang, r-devel-linux-x86_64-fedora-gcc, r-devel-windows-x86_64-gcc10-UCRT, r-patched-solaris-x86, r-release-macos-arm64, r-release-macos-x86_64, r-oldrel-macos-x86_64