CRAN Package Check Results for Package jackstrap

Last updated on 2023-02-05 23:58:47 CET.

Flavor Version Tinstall Tcheck Ttotal Status Flags
r-devel-linux-x86_64-debian-clang 0.1.0 7.14 60.96 68.10 OK
r-devel-linux-x86_64-debian-gcc 0.1.0 6.24 45.69 51.93 OK
r-devel-linux-x86_64-fedora-clang 0.1.0 88.20 NOTE
r-devel-linux-x86_64-fedora-gcc 0.1.0 92.96 NOTE
r-devel-windows-x86_64 0.1.0 22.00 91.00 113.00 OK
r-patched-linux-x86_64 0.1.0 6.66 59.12 65.78 OK
r-release-linux-x86_64 0.1.0 6.84 60.34 67.18 OK
r-release-macos-arm64 0.1.0 28.00 NOTE
r-release-macos-x86_64 0.1.0 51.00 NOTE
r-release-windows-x86_64 0.1.0 21.00 108.00 129.00 OK
r-oldrel-macos-arm64 0.1.0 34.00 NOTE
r-oldrel-macos-x86_64 0.1.0 46.00 NOTE
r-oldrel-windows-ix86+x86_64 0.1.0 19.00 97.00 116.00 OK

Additional issues

donttest

Check Details

Version: 0.1.0
Check: dependencies in R code
Result: NOTE
    Namespaces in Imports field not imported from:
     ‘fBasics’ ‘reshape’ ‘tidyr’ ‘utils’
     All declared Imports should be used.
Flavors: r-devel-linux-x86_64-fedora-clang, r-devel-linux-x86_64-fedora-gcc, r-release-macos-arm64, r-release-macos-x86_64, r-oldrel-macos-arm64, r-oldrel-macos-x86_64

Version: 0.1.0
Check: data for non-ASCII characters
Result: NOTE
     Note: found 2261 marked UTF-8 strings
Flavors: r-devel-linux-x86_64-fedora-clang, r-devel-linux-x86_64-fedora-gcc, r-release-macos-arm64, r-release-macos-x86_64, r-oldrel-macos-arm64, r-oldrel-macos-x86_64