CRAN Package Check Results for Package jack

Last updated on 2021-10-27 23:50:28 CEST.

Flavor Version Tinstall Tcheck Ttotal Status Flags
r-devel-linux-x86_64-debian-clang 1.1.1 12.39 113.18 125.57 NOTE
r-devel-linux-x86_64-debian-gcc 1.1.1 10.76 85.38 96.14 NOTE
r-devel-linux-x86_64-fedora-clang 1.1.1 168.62 NOTE
r-devel-linux-x86_64-fedora-gcc 1.1.1 147.84 NOTE
r-devel-windows-x86_64 1.1.1 20.00 109.00 129.00 NOTE
r-devel-windows-x86_64-gcc10-UCRT 1.1.1 NOTE
r-patched-linux-x86_64 1.1.1 12.55 106.87 119.42 NOTE
r-patched-solaris-x86 1.1.1 213.00 NOTE
r-release-linux-x86_64 1.1.1 11.69 105.48 117.17 NOTE
r-release-macos-arm64 1.1.1 NOTE
r-release-macos-x86_64 1.1.1 NOTE
r-release-windows-ix86+x86_64 1.1.1 19.00 139.00 158.00 NOTE
r-oldrel-macos-x86_64 1.1.1 OK
r-oldrel-windows-ix86+x86_64 1.1.1 22.00 145.00 167.00 OK

Check Details

Version: 1.1.1
Check: LazyData
Result: NOTE
     'LazyData' is specified without a 'data' directory
Flavors: r-devel-linux-x86_64-debian-clang, r-devel-linux-x86_64-debian-gcc, r-devel-linux-x86_64-fedora-clang, r-devel-linux-x86_64-fedora-gcc, r-devel-windows-x86_64, r-devel-windows-x86_64-gcc10-UCRT, r-patched-linux-x86_64, r-patched-solaris-x86, r-release-linux-x86_64, r-release-macos-arm64, r-release-macos-x86_64, r-release-windows-ix86+x86_64