CRAN Package Check Results for Package jSonarR

Last updated on 2022-01-23 23:50:20 CET.

Flavor Version Tinstall Tcheck Ttotal Status Flags
r-devel-linux-x86_64-debian-clang 1.1.1 2.98 37.38 40.36 NOTE
r-devel-linux-x86_64-debian-gcc 1.1.1 2.41 32.27 34.68 NOTE
r-devel-linux-x86_64-fedora-clang 1.1.1 49.39 NOTE
r-devel-linux-x86_64-fedora-gcc 1.1.1 38.57 NOTE
r-devel-windows-x86_64-new-UL 1.1.1 19.00 55.00 74.00 NOTE
r-devel-windows-x86_64-new-TK 1.1.1 NOTE
r-patched-linux-x86_64 1.1.1 2.69 36.09 38.78 NOTE
r-release-linux-x86_64 1.1.1 2.89 35.84 38.73 NOTE
r-release-macos-arm64 1.1.1 NOTE
r-release-macos-x86_64 1.1.1 NOTE
r-release-windows-ix86+x86_64 1.1.1 6.00 51.00 57.00 NOTE
r-oldrel-macos-x86_64 1.1.1 NOTE
r-oldrel-windows-ix86+x86_64 1.1.1 6.00 48.00 54.00 NOTE

Check Details

Version: 1.1.1
Check: R code for possible problems
Result: NOTE
    sonarCSV: no visible global function definition for 'read.csv'
    Undefined global functions or variables:
     read.csv
    Consider adding
     importFrom("utils", "read.csv")
    to your NAMESPACE file.
Flavors: r-devel-linux-x86_64-debian-clang, r-devel-linux-x86_64-debian-gcc, r-devel-linux-x86_64-fedora-clang, r-devel-linux-x86_64-fedora-gcc, r-devel-windows-x86_64-new-UL, r-devel-windows-x86_64-new-TK, r-patched-linux-x86_64, r-release-linux-x86_64, r-release-macos-arm64, r-release-macos-x86_64, r-release-windows-ix86+x86_64, r-oldrel-macos-x86_64, r-oldrel-windows-ix86+x86_64