CRAN Package Check Results for Package jSDM

Last updated on 2021-10-17 23:50:40 CEST.

Flavor Version Tinstall Tcheck Ttotal Status Flags
r-devel-linux-x86_64-debian-clang 0.1.0 55.02 83.55 138.57 OK
r-devel-linux-x86_64-debian-gcc 0.1.0 42.51 62.14 104.65 OK
r-devel-linux-x86_64-fedora-clang 0.1.0 204.22 NOTE
r-devel-linux-x86_64-fedora-gcc 0.1.0 187.17 NOTE
r-devel-windows-x86_64 0.1.0 78.00 131.00 209.00 OK
r-devel-windows-x86_64-gcc10-UCRT 0.1.0 OK
r-patched-linux-x86_64 0.1.0 51.54 79.65 131.19 OK
r-patched-solaris-x86 0.1.0 170.50 OK
r-release-linux-x86_64 0.1.0 51.41 80.23 131.64 OK
r-release-macos-arm64 0.1.0 NOTE
r-release-macos-x86_64 0.1.0 NOTE
r-release-windows-ix86+x86_64 0.1.0 116.00 175.00 291.00 OK
r-oldrel-macos-x86_64 0.1.0 NOTE
r-oldrel-windows-ix86+x86_64 0.1.0 157.00 190.00 347.00 OK

Check Details

Version: 0.1.0
Check: top-level files
Result: NOTE
    ‘cleanup’: /bin/bash is not portable
Flavors: r-devel-linux-x86_64-fedora-clang, r-devel-linux-x86_64-fedora-gcc

Version: 0.1.0
Check: package dependencies
Result: NOTE
    Package suggested but not available for checking: ‘boral’
Flavor: r-release-macos-arm64

Version: 0.1.0
Check: installed package size
Result: NOTE
     installed size is 6.4Mb
     sub-directories of 1Mb or more:
     doc 1.5Mb
     libs 4.6Mb
Flavors: r-release-macos-arm64, r-release-macos-x86_64, r-oldrel-macos-x86_64