CRAN Package Check Results for Package ivreg

Last updated on 2021-09-22 23:50:01 CEST.

Flavor Version Tinstall Tcheck Ttotal Status Flags
r-devel-linux-x86_64-debian-clang 0.6-0 6.82 93.96 100.78 OK
r-devel-linux-x86_64-debian-gcc 0.6-0 5.69 69.52 75.21 OK
r-devel-linux-x86_64-fedora-clang 0.6-0 126.12 NOTE
r-devel-linux-x86_64-fedora-gcc 0.6-0 114.82 OK
r-devel-windows-x86_64 0.6-0 8.00 91.00 99.00 NOTE
r-devel-windows-x86_64-gcc10-UCRT 0.6-0 ERROR
r-patched-linux-x86_64 0.6-0 13.88 89.27 103.15 OK
r-patched-solaris-x86 0.6-0 164.70 NOTE
r-release-linux-x86_64 0.6-0 7.68 89.50 97.18 OK
r-release-macos-arm64 0.6-0 NOTE
r-release-macos-x86_64 0.6-0 NOTE
r-release-windows-ix86+x86_64 0.6-0 18.00 95.00 113.00 NOTE
r-oldrel-macos-x86_64 0.6-0 NOTE
r-oldrel-windows-ix86+x86_64 0.6-0 13.00 93.00 106.00 NOTE

Check Details

Version: 0.6-0
Check: installed package size
Result: NOTE
     installed size is 5.7Mb
     sub-directories of 1Mb or more:
     doc 5.4Mb
Flavors: r-devel-linux-x86_64-fedora-clang, r-devel-windows-x86_64, r-patched-solaris-x86, r-release-macos-arm64, r-release-macos-x86_64, r-release-windows-ix86+x86_64, r-oldrel-macos-x86_64, r-oldrel-windows-ix86+x86_64

Version: 0.6-0
Check: package dependencies
Result: NOTE
    Package suggested but not available for checking: 'modelsummary'
Flavor: r-devel-windows-x86_64-gcc10-UCRT

Version: 0.6-0
Check: re-building of vignette outputs
Result: WARN
    Error(s) in re-building vignettes:
    --- re-building 'Diagnostics-for-2SLS-Regression.Rmd' using rmarkdown
    --- finished re-building 'Diagnostics-for-2SLS-Regression.Rmd'
    
    --- re-building 'ivreg.Rmd' using rmarkdown
    Quitting from lines 166-169 (ivreg.Rmd)
    Error: processing vignette 'ivreg.Rmd' failed with diagnostics:
    there is no package called 'modelsummary'
    --- failed re-building 'ivreg.Rmd'
    
    SUMMARY: processing the following file failed:
     'ivreg.Rmd'
    
    Error: Vignette re-building failed.
    Execution halted
Flavor: r-devel-windows-x86_64-gcc10-UCRT

Version: 0.6-0
Check: PDF version of manual
Result: WARN
    LaTeX errors when creating PDF version.
    This typically indicates Rd problems.
Flavor: r-devel-windows-x86_64-gcc10-UCRT

Version: 0.6-0
Check: PDF version of manual without hyperrefs or index
Result: ERROR
    Re-running with no redirection of stdout/stderr.
Flavor: r-devel-windows-x86_64-gcc10-UCRT