CRAN Package Check Results for Package its.analysis

Last updated on 2021-09-24 23:53:51 CEST.

Flavor Version Tinstall Tcheck Ttotal Status Flags
r-devel-linux-x86_64-debian-clang 1.6.0 7.63 74.14 81.77 NOTE
r-devel-linux-x86_64-debian-gcc 1.6.0 5.16 55.25 60.41 NOTE
r-devel-linux-x86_64-fedora-clang 1.6.0 101.26 NOTE
r-devel-linux-x86_64-fedora-gcc 1.6.0 92.39 NOTE
r-devel-windows-x86_64 1.6.0 10.00 70.00 80.00 NOTE
r-devel-windows-x86_64-gcc10-UCRT 1.6.0 NOTE
r-patched-linux-x86_64 1.6.0 6.72 68.91 75.63 NOTE
r-patched-solaris-x86 1.6.0 132.20 NOTE
r-release-linux-x86_64 1.6.0 5.66 69.06 74.72 NOTE
r-release-macos-arm64 1.6.0 NOTE
r-release-macos-x86_64 1.6.0 NOTE
r-release-windows-ix86+x86_64 1.6.0 20.00 75.00 95.00 NOTE
r-oldrel-macos-x86_64 1.6.0 OK
r-oldrel-windows-ix86+x86_64 1.6.0 15.00 68.00 83.00 OK

Check Details

Version: 1.6.0
Check: LazyData
Result: NOTE
     'LazyData' is specified without a 'data' directory
Flavors: r-devel-linux-x86_64-debian-clang, r-devel-linux-x86_64-debian-gcc, r-devel-linux-x86_64-fedora-clang, r-devel-linux-x86_64-fedora-gcc, r-devel-windows-x86_64, r-devel-windows-x86_64-gcc10-UCRT, r-patched-linux-x86_64, r-patched-solaris-x86, r-release-linux-x86_64, r-release-macos-arm64, r-release-macos-x86_64, r-release-windows-ix86+x86_64