CRAN Package Check Results for Package itemanalysis

Last updated on 2021-09-19 23:50:13 CEST.

Flavor Version Tinstall Tcheck Ttotal Status Flags
r-devel-linux-x86_64-debian-clang 1.0 6.63 66.96 73.59 OK
r-devel-linux-x86_64-debian-gcc 1.0 5.19 51.31 56.50 OK
r-devel-linux-x86_64-fedora-clang 1.0 94.38 OK
r-devel-linux-x86_64-fedora-gcc 1.0 83.67 OK
r-devel-windows-x86_64 1.0 10.00 62.00 72.00 OK
r-devel-windows-x86_64-gcc10-UCRT 1.0 ERROR
r-patched-linux-x86_64 1.0 6.30 62.33 68.63 OK
r-patched-solaris-x86 1.0 128.60 OK
r-release-linux-x86_64 1.0 7.24 61.33 68.57 OK
r-release-macos-arm64 1.0 OK
r-release-macos-x86_64 1.0 OK
r-release-windows-ix86+x86_64 1.0 19.00 63.00 82.00 OK
r-oldrel-macos-x86_64 1.0 OK
r-oldrel-windows-ix86+x86_64 1.0 18.00 62.00 80.00 OK

Check Details

Version: 1.0
Check: whether package can be installed
Result: WARN
    Found the following significant warnings:
     WARNING: installation-time patches will not be applied, could not get the patches index
Flavor: r-devel-windows-x86_64-gcc10-UCRT

Version: 1.0
Check: PDF version of manual
Result: WARN
    LaTeX errors when creating PDF version.
    This typically indicates Rd problems.
Flavor: r-devel-windows-x86_64-gcc10-UCRT

Version: 1.0
Check: PDF version of manual without hyperrefs or index
Result: ERROR
    Re-running with no redirection of stdout/stderr.
Flavor: r-devel-windows-x86_64-gcc10-UCRT