CRAN Package Check Results for Package isocat

Last updated on 2021-08-03 23:52:12 CEST.

Flavor Version Tinstall Tcheck Ttotal Status Flags
r-devel-linux-x86_64-debian-clang 0.2.6 8.70 123.51 132.21 OK
r-devel-linux-x86_64-debian-gcc 0.2.6 7.87 90.96 98.83 OK
r-devel-linux-x86_64-fedora-clang 0.2.6 160.87 OK
r-devel-linux-x86_64-fedora-gcc 0.2.6 153.78 OK
r-devel-windows-x86_64 0.2.6 9.00 139.00 148.00 OK
r-devel-windows-x86_64-gcc10-UCRT 0.2.6 OK
r-patched-linux-x86_64 0.2.6 10.27 115.26 125.53 OK
r-patched-solaris-x86 0.2.6 201.60 OK
r-release-linux-x86_64 0.2.6 7.43 115.49 122.92 OK
r-release-macos-arm64 0.2.6 WARN
r-release-macos-x86_64 0.2.6 OK
r-release-windows-ix86+x86_64 0.2.6 21.00 144.00 165.00 OK
r-oldrel-macos-x86_64 0.2.6 OK
r-oldrel-windows-ix86+x86_64 0.2.6 16.00 139.00 155.00 OK

Check Details

Version: 0.2.6
Check: re-building of vignette outputs
Result: WARN
    Error(s) in re-building vignettes:
     ...
    --- re-building ‘isocat.Rmd’ using rmarkdown
    Warning in engine$weave(file, quiet = quiet, encoding = enc) :
     Pandoc (>= 1.12.3) not available. Falling back to R Markdown v1.
    Quitting from lines 62-83 (isocat.Rmd)
    Error: processing vignette 'isocat.Rmd' failed with diagnostics:
    polygon edge not found
    --- failed re-building ‘isocat.Rmd’
    
    SUMMARY: processing the following file failed:
     ‘isocat.Rmd’
    
    Error: Vignette re-building failed.
    Execution halted
Flavor: r-release-macos-arm64