CRAN Package Check Results for Package isoband

Last updated on 2021-12-02 23:51:10 CET.

Flavor Version Tinstall Tcheck Ttotal Status Flags
r-devel-linux-x86_64-debian-clang 0.2.5 34.99 38.04 73.03 OK
r-devel-linux-x86_64-debian-gcc 0.2.5 35.11 29.63 64.74 OK
r-devel-linux-x86_64-fedora-clang 0.2.5 121.98 NOTE
r-devel-linux-x86_64-fedora-gcc 0.2.5 112.12 OK
r-devel-windows-x86_64-new-UL 0.2.5 64.00 112.00 176.00 OK
r-devel-windows-x86_64-new-TK 0.2.5 OK
r-devel-windows-x86_64-old 0.2.5 55.00 55.00 110.00 OK
r-patched-linux-x86_64 0.2.5 40.10 34.78 74.88 OK
r-patched-solaris-x86 0.2.5 85.50 OK
r-release-linux-x86_64 0.2.5 41.47 34.79 76.26 OK
r-release-macos-arm64 0.2.5 NOTE
r-release-macos-x86_64 0.2.5 NOTE
r-release-windows-ix86+x86_64 0.2.5 102.00 85.00 187.00 OK
r-oldrel-macos-x86_64 0.2.5 NOTE
r-oldrel-windows-ix86+x86_64 0.2.5 92.00 92.00 184.00 OK

Check Details

Version: 0.2.5
Check: installed package size
Result: NOTE
     installed size is 7.2Mb
     sub-directories of 1Mb or more:
     libs 5.3Mb
Flavors: r-devel-linux-x86_64-fedora-clang, r-release-macos-arm64, r-release-macos-x86_64, r-oldrel-macos-x86_64