CRAN Package Check Results for Package irtoys

Last updated on 2022-01-22 23:52:13 CET.

Flavor Version Tinstall Tcheck Ttotal Status Flags
r-devel-linux-x86_64-debian-clang 0.2.1 12.16 102.70 114.86 NOTE
r-devel-linux-x86_64-debian-gcc 0.2.1 7.20 78.74 85.94 NOTE
r-devel-linux-x86_64-fedora-clang 0.2.1 136.64 OK
r-devel-linux-x86_64-fedora-gcc 0.2.1 126.61 OK
r-devel-windows-x86_64-new-UL 0.2.1 79.00 140.00 219.00 NOTE
r-devel-windows-x86_64-new-TK 0.2.1 OK
r-patched-linux-x86_64 0.2.1 11.80 93.62 105.42 NOTE
r-release-linux-x86_64 0.2.1 9.77 94.51 104.28 NOTE
r-release-macos-arm64 0.2.1 OK
r-release-macos-x86_64 0.2.1 OK
r-release-windows-ix86+x86_64 0.2.1 27.00 163.00 190.00 NOTE
r-oldrel-macos-x86_64 0.2.1 OK
r-oldrel-windows-ix86+x86_64 0.2.1 27.00 158.00 185.00 NOTE

Check Details

Version: 0.2.1
Check: package vignettes
Result: NOTE
    Package vignette with placeholder title 'Vignette Title':
     'irtoys-vignette.Rmd'
Flavors: r-devel-linux-x86_64-debian-clang, r-devel-linux-x86_64-debian-gcc, r-devel-windows-x86_64-new-UL, r-patched-linux-x86_64, r-release-linux-x86_64, r-release-windows-ix86+x86_64, r-oldrel-windows-ix86+x86_64