CRAN Package Check Results for Package ir

Last updated on 2022-11-29 22:53:39 CET.

Flavor Version Tinstall Tcheck Ttotal Status Flags
r-devel-linux-x86_64-debian-clang 0.2.1 13.85 256.74 270.59 NOTE
r-devel-linux-x86_64-debian-gcc 0.2.1 10.24 191.67 201.91 NOTE
r-devel-linux-x86_64-fedora-clang 0.2.1 334.19 NOTE
r-devel-linux-x86_64-fedora-gcc 0.2.1 354.00 NOTE
r-devel-windows-x86_64 0.2.1 43.00 323.00 366.00 NOTE
r-patched-linux-x86_64 0.2.1 10.82 240.17 250.99 OK
r-release-linux-x86_64 0.2.1 7.83 230.56 238.39 OK
r-release-macos-arm64 0.2.1 93.00 OK
r-release-macos-x86_64 0.2.1 146.00 OK
r-release-windows-x86_64 0.2.1 43.00 306.00 349.00 OK
r-oldrel-macos-arm64 0.2.1 90.00 OK
r-oldrel-macos-x86_64 0.2.1 120.00 OK
r-oldrel-windows-ix86+x86_64 0.2.1 27.00 303.00 330.00 OK

Check Details

Version: 0.2.1
Check: Rd files
Result: NOTE
    checkRd: (-1) ir_to_transmittance.Rd:49: Escaped LaTeX specials: \&
Flavors: r-devel-linux-x86_64-debian-clang, r-devel-linux-x86_64-debian-gcc, r-devel-linux-x86_64-fedora-clang, r-devel-linux-x86_64-fedora-gcc, r-devel-windows-x86_64