CRAN Package Check Results for Package ipmr

Last updated on 2022-01-25 23:50:28 CET.

Flavor Version Tinstall Tcheck Ttotal Status Flags
r-devel-linux-x86_64-debian-clang 0.0.4 45.67 282.22 327.89 OK
r-devel-linux-x86_64-debian-gcc 0.0.4 31.72 200.91 232.63 OK
r-devel-linux-x86_64-fedora-clang 0.0.4 395.16 OK
r-devel-linux-x86_64-fedora-gcc 0.0.4 380.05 OK
r-devel-windows-x86_64-new-UL 0.0.4 124.00 271.00 395.00 OK
r-devel-windows-x86_64-new-TK 0.0.4 NOTE
r-patched-linux-x86_64 0.0.4 34.63 275.24 309.87 OK
r-release-linux-x86_64 0.0.4 35.49 274.66 310.15 OK
r-release-macos-arm64 0.0.4 OK
r-release-macos-x86_64 0.0.4 OK
r-release-windows-ix86+x86_64 0.0.4 95.00 392.00 487.00 OK
r-oldrel-macos-x86_64 0.0.4 OK
r-oldrel-windows-ix86+x86_64 0.0.4 95.00 433.00 528.00 OK

Check Details

Version: 0.0.4
Check: package dependencies
Result: NOTE
    Package suggested but not available for checking: 'lme4'
Flavor: r-devel-windows-x86_64-new-TK