CRAN Package Check Results for Package ipc

Last updated on 2021-10-19 23:52:58 CEST.

Flavor Version Tinstall Tcheck Ttotal Status Flags
r-devel-linux-x86_64-debian-clang 0.1.3 8.21 29.78 37.99 NOTE
r-devel-linux-x86_64-debian-gcc 0.1.3 7.82 23.46 31.28 NOTE
r-devel-linux-x86_64-fedora-clang 0.1.3 58.67 NOTE
r-devel-linux-x86_64-fedora-gcc 0.1.3 48.69 NOTE
r-devel-windows-x86_64 0.1.3 18.00 55.00 73.00 NOTE
r-devel-windows-x86_64-gcc10-UCRT 0.1.3 NOTE
r-patched-linux-x86_64 0.1.3 8.93 28.72 37.65 NOTE
r-patched-solaris-x86 0.1.3 89.60 NOTE
r-release-linux-x86_64 0.1.3 9.02 28.97 37.99 NOTE
r-release-macos-arm64 0.1.3 NOTE
r-release-macos-x86_64 0.1.3 NOTE
r-release-windows-ix86+x86_64 0.1.3 15.00 55.00 70.00 NOTE
r-oldrel-macos-x86_64 0.1.3 OK
r-oldrel-windows-ix86+x86_64 0.1.3 16.00 75.00 91.00 OK

Check Details

Version: 0.1.3
Check: LazyData
Result: NOTE
     'LazyData' is specified without a 'data' directory
Flavors: r-devel-linux-x86_64-debian-clang, r-devel-linux-x86_64-debian-gcc, r-devel-linux-x86_64-fedora-clang, r-devel-linux-x86_64-fedora-gcc, r-devel-windows-x86_64, r-devel-windows-x86_64-gcc10-UCRT, r-patched-linux-x86_64, r-patched-solaris-x86, r-release-linux-x86_64, r-release-macos-arm64, r-release-macos-x86_64, r-release-windows-ix86+x86_64

Version: 0.1.3
Check: package dependencies
Result: NOTE
    Package suggested but not available for checking: ‘redux’
Flavor: r-patched-solaris-x86