CRAN Package Check Results for Package ipaddress

Last updated on 2021-12-02 23:51:10 CET.

Flavor Version Tinstall Tcheck Ttotal Status Flags
r-devel-linux-x86_64-debian-clang 0.5.3 131.39 49.96 181.35 OK
r-devel-linux-x86_64-debian-gcc 0.5.3 100.03 39.03 139.06 OK
r-devel-linux-x86_64-fedora-clang 0.5.3 304.61 NOTE
r-devel-linux-x86_64-fedora-gcc 0.5.3 274.40 OK
r-devel-windows-x86_64-new-UL 0.5.3 192.00 130.00 322.00 OK
r-devel-windows-x86_64-new-TK 0.5.3 OK
r-devel-windows-x86_64-old 0.5.3 175.00 67.00 242.00 OK
r-patched-linux-x86_64 0.5.3 122.75 47.97 170.72 OK
r-patched-solaris-x86 0.5.3 239.80 OK
r-release-linux-x86_64 0.5.3 118.22 48.40 166.62 OK
r-release-macos-arm64 0.5.3 NOTE
r-release-macos-x86_64 0.5.3 NOTE
r-release-windows-ix86+x86_64 0.5.3 360.00 114.00 474.00 OK
r-oldrel-macos-x86_64 0.5.3 NOTE
r-oldrel-windows-ix86+x86_64 0.5.3 356.00 111.00 467.00 OK

Check Details

Version: 0.5.3
Check: installed package size
Result: NOTE
     installed size is 7.5Mb
     sub-directories of 1Mb or more:
     libs 7.0Mb
Flavors: r-devel-linux-x86_64-fedora-clang, r-release-macos-arm64, r-release-macos-x86_64, r-oldrel-macos-x86_64