CRAN Package Check Results for Package inti

Last updated on 2024-06-14 00:53:46 CEST.

Flavor Version Tinstall Tcheck Ttotal Status Flags
r-devel-linux-x86_64-debian-clang 0.6.5 17.61 175.93 193.54 OK
r-devel-linux-x86_64-debian-gcc 0.6.5 0.62 1.93 2.55 ERROR
r-devel-linux-x86_64-fedora-clang 0.6.5 248.03 OK
r-devel-linux-x86_64-fedora-gcc 0.6.5 245.23 OK
r-devel-windows-x86_64 0.6.5 17.00 149.00 166.00 OK
r-patched-linux-x86_64 0.6.5 17.39 169.97 187.36 OK
r-release-linux-x86_64 0.6.5 20.82 168.78 189.60 OK
r-release-macos-arm64 0.6.5 104.00 OK
r-release-macos-x86_64 0.6.5 130.00 OK
r-release-windows-x86_64 0.6.5 19.00 155.00 174.00 OK
r-oldrel-macos-arm64 0.6.5 105.00 OK
r-oldrel-macos-x86_64 0.6.5 201.00 OK
r-oldrel-windows-x86_64 0.6.5 23.00 189.00 212.00 OK

Check Details

Version: 0.6.5
Check: package dependencies
Result: ERROR Packages required but not available: 'ggplot2', 'dplyr', 'tidyr', 'tibble', 'lme4', 'FactoMineR', 'purrr', 'stringr', 'googlesheets4' Package suggested but not available for checking: ‘gsheet’ See section ‘The DESCRIPTION file’ in the ‘Writing R Extensions’ manual. Flavor: r-devel-linux-x86_64-debian-gcc