Last updated on 2023-02-06 23:55:48 CET.
Flavor | Version | Tinstall | Tcheck | Ttotal | Status | Flags |
---|---|---|---|---|---|---|
r-devel-linux-x86_64-debian-clang | 0.8.0 | 27.38 | 185.18 | 212.56 | NOTE | |
r-devel-linux-x86_64-debian-gcc | 0.8.0 | 22.05 | 118.22 | 140.27 | NOTE | |
r-devel-linux-x86_64-fedora-clang | 0.8.0 | 237.79 | NOTE | |||
r-devel-linux-x86_64-fedora-gcc | 0.8.0 | 224.12 | NOTE | |||
r-devel-windows-x86_64 | 0.8.0 | 48.00 | 199.00 | 247.00 | NOTE | |
r-patched-linux-x86_64 | 0.8.0 | 22.96 | 135.87 | 158.83 | NOTE | |
r-release-linux-x86_64 | 0.8.0 | 26.04 | 149.17 | 175.21 | NOTE | |
r-release-macos-arm64 | 0.8.0 | 55.00 | NOTE | |||
r-release-macos-x86_64 | 0.8.0 | 84.00 | NOTE | |||
r-release-windows-x86_64 | 0.8.0 | 49.00 | 205.00 | 254.00 | NOTE | |
r-oldrel-macos-arm64 | 0.8.0 | 64.00 | NOTE | |||
r-oldrel-macos-x86_64 | 0.8.0 | 129.00 | NOTE | |||
r-oldrel-windows-ix86+x86_64 | 0.8.0 | 65.00 | 294.00 | 359.00 | NOTE |
Version: 0.8.0
Check: LazyData
Result: NOTE
'LazyData' is specified without a 'data' directory
Flavors: r-devel-linux-x86_64-debian-clang, r-devel-linux-x86_64-debian-gcc, r-devel-linux-x86_64-fedora-clang, r-devel-linux-x86_64-fedora-gcc, r-devel-windows-x86_64, r-patched-linux-x86_64, r-release-linux-x86_64, r-release-macos-arm64, r-release-macos-x86_64, r-release-windows-x86_64, r-oldrel-macos-arm64, r-oldrel-macos-x86_64, r-oldrel-windows-ix86+x86_64