CRAN Package Check Results for Package interflex

Last updated on 2024-06-19 00:49:31 CEST.

Flavor Version Tinstall Tcheck Ttotal Status Flags
r-devel-linux-x86_64-debian-clang 1.2.6 95.19 184.89 280.08 NOTE
r-devel-linux-x86_64-debian-gcc 1.2.6 64.65 129.08 193.73 NOTE
r-devel-linux-x86_64-fedora-clang 1.2.6 363.69 NOTE
r-devel-linux-x86_64-fedora-gcc 1.2.6 359.47 NOTE
r-devel-windows-x86_64 1.2.6 78.00 147.00 225.00 NOTE
r-patched-linux-x86_64 1.2.6 86.50 174.28 260.78 NOTE
r-release-linux-x86_64 1.2.6 81.21 173.15 254.36 NOTE
r-release-macos-arm64 1.2.6 80.00 NOTE
r-release-macos-x86_64 1.2.6 113.00 NOTE
r-release-windows-x86_64 1.2.6 77.00 150.00 227.00 NOTE
r-oldrel-macos-arm64 1.2.6 90.00 NOTE
r-oldrel-macos-x86_64 1.2.6 148.00 NOTE
r-oldrel-windows-x86_64 1.2.6 97.00 181.00 278.00 NOTE

Check Details

Version: 1.2.6
Check: C++ specification
Result: NOTE Specified C++11: please drop specification unless essential Flavors: r-devel-linux-x86_64-debian-clang, r-devel-linux-x86_64-debian-gcc, r-devel-linux-x86_64-fedora-clang, r-devel-linux-x86_64-fedora-gcc, r-devel-windows-x86_64, r-patched-linux-x86_64, r-release-linux-x86_64, r-release-macos-arm64, r-release-macos-x86_64, r-release-windows-x86_64, r-oldrel-macos-arm64, r-oldrel-macos-x86_64, r-oldrel-windows-x86_64