Last updated on 2023-02-03 23:51:38 CET.
Flavor | Version | Tinstall | Tcheck | Ttotal | Status | Flags |
---|---|---|---|---|---|---|
r-devel-linux-x86_64-debian-clang | 0.2.2 | 42.50 | 65.64 | 108.14 | NOTE | |
r-devel-linux-x86_64-debian-gcc | 0.2.2 | 30.85 | 48.39 | 79.24 | NOTE | |
r-devel-linux-x86_64-fedora-clang | 0.2.2 | 148.06 | NOTE | |||
r-devel-linux-x86_64-fedora-gcc | 0.2.2 | 148.04 | NOTE | |||
r-devel-windows-x86_64 | 0.2.2 | 61.00 | 121.00 | 182.00 | NOTE | |
r-patched-linux-x86_64 | 0.2.2 | 38.14 | 60.71 | 98.85 | OK | |
r-release-linux-x86_64 | 0.2.2 | 33.84 | 62.61 | 96.45 | OK | |
r-release-macos-arm64 | 0.2.2 | 41.00 | OK | |||
r-release-macos-x86_64 | 0.2.2 | 53.00 | OK | |||
r-release-windows-x86_64 | 0.2.2 | 203.00 | 124.00 | 327.00 | OK | |
r-oldrel-macos-arm64 | 0.2.1 | 36.00 | OK | |||
r-oldrel-macos-x86_64 | 0.2.1 | 54.00 | OK | |||
r-oldrel-windows-ix86+x86_64 | 0.2.1 | 99.00 | 129.00 | 228.00 | OK |
Version: 0.2.2
Check: C++ specification
Result: NOTE
Specified C++11: please update to current default of C++17
Flavors: r-devel-linux-x86_64-debian-clang, r-devel-linux-x86_64-debian-gcc, r-devel-linux-x86_64-fedora-clang, r-devel-linux-x86_64-fedora-gcc, r-devel-windows-x86_64