CRAN Package Check Results for Package insiderTrades

Last updated on 2022-01-25 23:50:28 CET.

Flavor Version Tinstall Tcheck Ttotal Status Flags
r-devel-linux-x86_64-debian-clang 0.0.1 4.28 47.11 51.39 OK
r-devel-linux-x86_64-debian-gcc 0.0.1 4.84 35.92 40.76 OK
r-devel-linux-x86_64-fedora-clang 0.0.1 63.44 NOTE
r-devel-linux-x86_64-fedora-gcc 0.0.1 52.52 NOTE
r-devel-windows-x86_64-new-UL 0.0.1 55.00 72.00 127.00 OK
r-devel-windows-x86_64-new-TK 0.0.1 NOTE
r-patched-linux-x86_64 0.0.1 5.84 47.15 52.99 OK
r-release-linux-x86_64 0.0.1 5.89 46.72 52.61 OK
r-release-macos-arm64 0.0.1 NOTE
r-release-macos-x86_64 0.0.1 NOTE
r-release-windows-ix86+x86_64 0.0.1 10.00 60.00 70.00 OK
r-oldrel-macos-x86_64 0.0.1 NOTE
r-oldrel-windows-ix86+x86_64 0.0.1 10.00 57.00 67.00 OK

Check Details

Version: 0.0.1
Check: dependencies in R code
Result: NOTE
    Namespace in Imports field not imported from: ‘RCurl’
     All declared Imports should be used.
Flavors: r-devel-linux-x86_64-fedora-clang, r-devel-linux-x86_64-fedora-gcc, r-devel-windows-x86_64-new-TK, r-release-macos-arm64, r-release-macos-x86_64, r-oldrel-macos-x86_64