CRAN Package Check Results for Package infix

Last updated on 2022-01-23 23:50:19 CET.

Flavor Version Tinstall Tcheck Ttotal Status Flags
r-devel-linux-x86_64-debian-clang 0.1.0 1.19 28.17 29.36 NOTE
r-devel-linux-x86_64-debian-gcc 0.1.0 1.46 24.33 25.79 NOTE
r-devel-linux-x86_64-fedora-clang 0.1.0 37.77 NOTE
r-devel-linux-x86_64-fedora-gcc 0.1.0 26.46 NOTE
r-devel-windows-x86_64-new-UL 0.1.0 13.00 47.00 60.00 NOTE
r-devel-windows-x86_64-new-TK 0.1.0 NOTE
r-patched-linux-x86_64 0.1.0 2.07 27.35 29.42 NOTE
r-release-linux-x86_64 0.1.0 1.81 27.20 29.01 NOTE
r-release-macos-arm64 0.1.0 NOTE
r-release-macos-x86_64 0.1.0 NOTE
r-release-windows-ix86+x86_64 0.1.0 4.00 34.00 38.00 NOTE
r-oldrel-macos-x86_64 0.1.0 OK
r-oldrel-windows-ix86+x86_64 0.1.0 5.00 38.00 43.00 OK

Check Details

Version: 0.1.0
Check: LazyData
Result: NOTE
     'LazyData' is specified without a 'data' directory
Flavors: r-devel-linux-x86_64-debian-clang, r-devel-linux-x86_64-debian-gcc, r-devel-linux-x86_64-fedora-clang, r-devel-linux-x86_64-fedora-gcc, r-devel-windows-x86_64-new-UL, r-devel-windows-x86_64-new-TK, r-patched-linux-x86_64, r-release-linux-x86_64, r-release-macos-arm64, r-release-macos-x86_64, r-release-windows-ix86+x86_64