CRAN Package Check Results for Package infer

Last updated on 2021-10-25 23:52:49 CEST.

Flavor Version Tinstall Tcheck Ttotal Status Flags
r-devel-linux-x86_64-debian-clang 1.0.0 8.63 429.25 437.88 OK
r-devel-linux-x86_64-debian-gcc 1.0.0 7.20 309.29 316.49 OK
r-devel-linux-x86_64-fedora-clang 1.0.0 486.69 NOTE
r-devel-linux-x86_64-fedora-gcc 1.0.0 492.58 OK
r-devel-windows-x86_64 1.0.0 14.00 514.00 528.00 OK
r-devel-windows-x86_64-gcc10-UCRT 1.0.0 OK
r-patched-linux-x86_64 1.0.0 10.20 417.72 427.92 OK
r-patched-solaris-x86 1.0.0 650.10 OK
r-release-linux-x86_64 1.0.0 8.80 411.54 420.34 OK
r-release-macos-arm64 1.0.0 OK
r-release-macos-x86_64 1.0.0 OK
r-release-windows-ix86+x86_64 1.0.0 13.00 523.00 536.00 OK
r-oldrel-macos-x86_64 1.0.0 OK
r-oldrel-windows-ix86+x86_64 1.0.0 19.00 564.00 583.00 OK

Check Details

Version: 1.0.0
Check: Rd cross-references
Result: NOTE
    Undeclared package ‘parsnip’ in Rd xrefs
Flavor: r-devel-linux-x86_64-fedora-clang