CRAN Package Check Results for Package inca

Last updated on 2024-06-15 00:54:08 CEST.

Flavor Version Tinstall Tcheck Ttotal Status Flags
r-devel-linux-x86_64-debian-clang 0.0.4 50.48 67.03 117.51 NOTE
r-devel-linux-x86_64-debian-gcc 0.0.4 29.38 51.25 80.63 NOTE
r-devel-linux-x86_64-fedora-clang 0.0.4 144.44 NOTE
r-devel-linux-x86_64-fedora-gcc 0.0.4 149.95 NOTE
r-devel-windows-x86_64 0.0.4 33.00 93.00 126.00 NOTE
r-patched-linux-x86_64 0.0.4 40.48 64.83 105.31 NOTE
r-release-linux-x86_64 0.0.4 35.91 65.11 101.02 NOTE
r-release-macos-arm64 0.0.4 42.00 NOTE
r-release-macos-x86_64 0.0.4 64.00 NOTE
r-release-windows-x86_64 0.0.4 32.00 90.00 122.00 NOTE
r-oldrel-macos-arm64 0.0.4 46.00 NOTE
r-oldrel-macos-x86_64 0.0.4 78.00 NOTE
r-oldrel-windows-x86_64 0.0.4 41.00 102.00 143.00 NOTE

Check Details

Version: 0.0.4
Check: C++ specification
Result: NOTE Specified C++11: please drop specification unless essential Flavors: r-devel-linux-x86_64-debian-clang, r-devel-linux-x86_64-debian-gcc, r-devel-linux-x86_64-fedora-clang, r-devel-linux-x86_64-fedora-gcc, r-devel-windows-x86_64, r-patched-linux-x86_64, r-release-linux-x86_64, r-release-macos-arm64, r-release-macos-x86_64, r-release-windows-x86_64, r-oldrel-macos-arm64, r-oldrel-macos-x86_64, r-oldrel-windows-x86_64

Version: 0.0.4
Check: installed package size
Result: NOTE installed size is 5.0Mb sub-directories of 1Mb or more: libs 4.9Mb Flavors: r-oldrel-macos-arm64, r-oldrel-macos-x86_64