Last updated on 2023-01-27 23:38:00 CET.
Flavor | Version | Tinstall | Tcheck | Ttotal | Status | Flags |
---|---|---|---|---|---|---|
r-devel-linux-x86_64-debian-clang | 0.1.0 | 30.11 | 57.72 | 87.83 | NOTE | |
r-devel-linux-x86_64-debian-gcc | 0.1.0 | 26.44 | 43.80 | 70.24 | NOTE | |
r-devel-linux-x86_64-fedora-clang | 0.1.0 | 121.07 | NOTE | |||
r-devel-linux-x86_64-fedora-gcc | 0.1.0 | 113.83 | NOTE | |||
r-devel-windows-x86_64 | 0.1.0 | 38.00 | 100.00 | 138.00 | NOTE | |
r-patched-linux-x86_64 | 0.1.0 | 33.81 | 57.58 | 91.39 | NOTE | |
r-release-linux-x86_64 | 0.1.0 | 24.39 | 58.10 | 82.49 | NOTE | |
r-release-macos-arm64 | 0.1.0 | 31.00 | NOTE | |||
r-release-macos-x86_64 | 0.1.0 | 56.00 | NOTE | |||
r-release-windows-x86_64 | 0.1.0 | 33.00 | 109.00 | 142.00 | NOTE | |
r-oldrel-macos-arm64 | 0.1.0 | 40.00 | NOTE | |||
r-oldrel-macos-x86_64 | 0.1.0 | 57.00 | NOTE | |||
r-oldrel-windows-ix86+x86_64 | 0.1.0 | 82.00 | 113.00 | 195.00 | NOTE |
Version: 0.1.0
Check: LazyData
Result: NOTE
'LazyData' is specified without a 'data' directory
Flavors: r-devel-linux-x86_64-debian-clang, r-devel-linux-x86_64-debian-gcc, r-devel-linux-x86_64-fedora-clang, r-devel-linux-x86_64-fedora-gcc, r-devel-windows-x86_64, r-patched-linux-x86_64, r-release-linux-x86_64, r-release-macos-arm64, r-release-macos-x86_64, r-release-windows-x86_64, r-oldrel-macos-arm64, r-oldrel-macos-x86_64, r-oldrel-windows-ix86+x86_64