CRAN Package Check Results for Package imgrec

Last updated on 2021-09-15 23:49:46 CEST.

Flavor Version Tinstall Tcheck Ttotal Status Flags
r-devel-linux-x86_64-debian-clang 0.1.2 4.49 47.29 51.78 OK
r-devel-linux-x86_64-debian-gcc 0.1.2 3.62 35.15 38.77 OK
r-devel-linux-x86_64-fedora-clang 0.1.2 70.30 NOTE
r-devel-linux-x86_64-fedora-gcc 0.1.2 58.14 NOTE
r-devel-windows-x86_64 0.1.2 6.00 71.00 77.00 OK
r-devel-windows-x86_64-gcc10-UCRT 0.1.2 NOTE
r-patched-linux-x86_64 0.1.2 4.34 44.67 49.01 OK
r-patched-solaris-x86 0.1.2 86.40 NOTE
r-release-linux-x86_64 0.1.2 4.45 44.78 49.23 OK
r-release-macos-arm64 0.1.2 NOTE
r-release-macos-x86_64 0.1.2 NOTE
r-release-windows-ix86+x86_64 0.1.2 12.00 50.00 62.00 OK
r-oldrel-macos-x86_64 0.1.2 NOTE
r-oldrel-windows-ix86+x86_64 0.1.2 10.00 61.00 71.00 OK

Check Details

Version: 0.1.2
Check: dependencies in R code
Result: NOTE
    Namespace in Imports field not imported from: ‘knitr’
     All declared Imports should be used.
Flavors: r-devel-linux-x86_64-fedora-clang, r-devel-linux-x86_64-fedora-gcc, r-devel-windows-x86_64-gcc10-UCRT, r-patched-solaris-x86, r-release-macos-arm64, r-release-macos-x86_64, r-oldrel-macos-x86_64