CRAN Package Check Results for Package imgpalr

Last updated on 2022-01-24 23:54:30 CET.

Flavor Version Tinstall Tcheck Ttotal Status Flags
r-devel-linux-x86_64-debian-clang 0.3.1 3.33 56.15 59.48 NOTE
r-devel-linux-x86_64-debian-gcc 0.3.1 2.65 41.75 44.40 NOTE
r-devel-linux-x86_64-fedora-clang 0.3.1 70.53 NOTE
r-devel-linux-x86_64-fedora-gcc 0.3.1 58.89 NOTE
r-devel-windows-x86_64-new-UL 0.3.1 30.00 71.00 101.00 NOTE
r-devel-windows-x86_64-new-TK 0.3.1 NOTE
r-patched-linux-x86_64 0.3.1 3.52 52.49 56.01 NOTE
r-release-linux-x86_64 0.3.1 3.19 51.59 54.78 NOTE
r-release-macos-arm64 0.3.1 NOTE
r-release-macos-x86_64 0.3.1 NOTE
r-release-windows-ix86+x86_64 0.3.1 8.00 65.00 73.00 NOTE
r-oldrel-macos-x86_64 0.3.1 OK
r-oldrel-windows-ix86+x86_64 0.3.1 8.00 67.00 75.00 OK

Check Details

Version: 0.3.1
Check: LazyData
Result: NOTE
     'LazyData' is specified without a 'data' directory
Flavors: r-devel-linux-x86_64-debian-clang, r-devel-linux-x86_64-debian-gcc, r-devel-linux-x86_64-fedora-clang, r-devel-linux-x86_64-fedora-gcc, r-devel-windows-x86_64-new-UL, r-devel-windows-x86_64-new-TK, r-patched-linux-x86_64, r-release-linux-x86_64, r-release-macos-arm64, r-release-macos-x86_64, r-release-windows-ix86+x86_64