Last updated on 2023-02-06 23:55:48 CET.
Flavor | Version | Tinstall | Tcheck | Ttotal | Status | Flags |
---|---|---|---|---|---|---|
r-devel-linux-x86_64-debian-clang | 0.2.2 | 104.82 | 81.94 | 186.76 | OK | |
r-devel-linux-x86_64-debian-gcc | 0.2.2 | 80.42 | 40.47 | 120.89 | OK | |
r-devel-linux-x86_64-fedora-gcc | 0.2.2 | 220.66 | OK | |||
r-devel-windows-x86_64 | 0.2.2 | 239.00 | 157.00 | 396.00 | NOTE | |
r-patched-linux-x86_64 | 0.2.2 | 92.11 | 29.90 | 122.01 | OK | |
r-release-linux-x86_64 | 0.2.2 | 90.51 | 52.70 | 143.21 | OK | |
r-release-macos-arm64 | 0.2.2 | 62.00 | NOTE | |||
r-release-macos-x86_64 | 0.2.2 | 81.00 | NOTE | |||
r-release-windows-x86_64 | 0.2.2 | 234.00 | 160.00 | 394.00 | NOTE | |
r-oldrel-macos-arm64 | 0.2.2 | 56.00 | NOTE | |||
r-oldrel-macos-x86_64 | 0.2.2 | 84.00 | NOTE | |||
r-oldrel-windows-ix86+x86_64 | 0.2.2 | 273.00 | 164.00 | 437.00 | NOTE |
Version: 0.2.2
Check: installed package size
Result: NOTE
installed size is 21.6Mb
sub-directories of 1Mb or more:
libs 10.5Mb
share 10.2Mb
Flavors: r-devel-windows-x86_64, r-release-macos-arm64, r-release-macos-x86_64, r-release-windows-x86_64, r-oldrel-macos-arm64, r-oldrel-macos-x86_64, r-oldrel-windows-ix86+x86_64