Last updated on 2023-02-05 23:58:47 CET.
Flavor | Version | Tinstall | Tcheck | Ttotal | Status | Flags |
---|---|---|---|---|---|---|
r-devel-linux-x86_64-debian-clang | 0.1 | 52.51 | 40.09 | 92.60 | NOTE | |
r-devel-linux-x86_64-debian-gcc | 0.1 | 37.65 | 32.04 | 69.69 | NOTE | |
r-devel-linux-x86_64-fedora-clang | 0.1 | 135.98 | NOTE | |||
r-devel-linux-x86_64-fedora-gcc | 0.1 | 114.28 | NOTE | |||
r-devel-windows-x86_64 | 0.1 | 54.00 | 86.00 | 140.00 | NOTE | |
r-patched-linux-x86_64 | 0.1 | 40.22 | 31.69 | 71.91 | OK | |
r-release-linux-x86_64 | 0.1 | 38.89 | 36.84 | 75.73 | OK | |
r-release-macos-arm64 | 0.1 | 31.00 | OK | |||
r-release-macos-x86_64 | 0.1 | 44.00 | OK | |||
r-release-windows-x86_64 | 0.1 | 91.00 | 92.00 | 183.00 | OK | |
r-oldrel-macos-arm64 | 0.1 | 38.00 | OK | |||
r-oldrel-macos-x86_64 | 0.1 | 63.00 | OK | |||
r-oldrel-windows-ix86+x86_64 | 0.1 | 132.00 | 105.00 | 237.00 | NOTE |
Version: 0.1
Check: C++ specification
Result: NOTE
Specified C++11: please update to current default of C++17
Flavors: r-devel-linux-x86_64-debian-clang, r-devel-linux-x86_64-debian-gcc, r-devel-linux-x86_64-fedora-clang, r-devel-linux-x86_64-fedora-gcc, r-devel-windows-x86_64
Version: 0.1
Check: installed package size
Result: NOTE
installed size is 7.0Mb
sub-directories of 1Mb or more:
libs 6.8Mb
Flavor: r-oldrel-windows-ix86+x86_64