Last updated on 2023-02-06 23:55:48 CET.
Flavor | Version | Tinstall | Tcheck | Ttotal | Status | Flags |
---|---|---|---|---|---|---|
r-devel-linux-x86_64-debian-clang | 0.1.1 | 67.59 | 29.52 | 97.11 | OK | |
r-devel-linux-x86_64-debian-gcc | 0.1.1 | 57.93 | 22.92 | 80.85 | OK | |
r-devel-linux-x86_64-fedora-clang | 0.1.1 | 141.50 | NOTE | |||
r-devel-linux-x86_64-fedora-gcc | 0.1.1 | 134.93 | OK | |||
r-devel-windows-x86_64 | 0.1.1 | 478.00 | 96.00 | 574.00 | NOTE | |
r-patched-linux-x86_64 | 0.1.1 | 63.98 | 22.12 | 86.10 | OK | |
r-release-linux-x86_64 | 0.1.1 | 60.42 | 28.95 | 89.37 | OK | |
r-release-macos-arm64 | 0.1.1 | 44.00 | NOTE | |||
r-release-macos-x86_64 | 0.1.1 | 51.00 | NOTE | |||
r-release-windows-x86_64 | 0.1.1 | 1045.00 | 102.00 | 1147.00 | NOTE | |
r-oldrel-macos-arm64 | 0.1.1 | 39.00 | NOTE | |||
r-oldrel-macos-x86_64 | 0.1.1 | 55.00 | NOTE | |||
r-oldrel-windows-ix86+x86_64 | 0.1.1 | 195.00 | 97.00 | 292.00 | NOTE |
Version: 0.1.1
Check: installed package size
Result: NOTE
installed size is 10.9Mb
sub-directories of 1Mb or more:
dlib-19.20 9.5Mb
Flavors: r-devel-linux-x86_64-fedora-clang, r-devel-windows-x86_64, r-release-macos-arm64, r-release-macos-x86_64, r-release-windows-x86_64, r-oldrel-macos-arm64, r-oldrel-macos-x86_64, r-oldrel-windows-ix86+x86_64