CRAN Package Check Results for Package image.LineSegmentDetector

Last updated on 2024-06-14 00:53:45 CEST.

Flavor Version Tinstall Tcheck Ttotal Status Flags
r-devel-linux-x86_64-debian-clang 0.1.0 22.02 40.92 62.94 NOTE
r-devel-linux-x86_64-debian-gcc 0.1.0 16.15 27.98 44.13 ERROR
r-devel-linux-x86_64-fedora-clang 0.1.0 85.01 NOTE
r-devel-linux-x86_64-fedora-gcc 0.1.0 83.67 NOTE
r-devel-windows-x86_64 0.1.0 21.00 72.00 93.00 NOTE
r-patched-linux-x86_64 0.1.0 17.96 39.58 57.54 NOTE
r-release-linux-x86_64 0.1.0 17.74 38.44 56.18 NOTE
r-release-macos-arm64 0.1.0 25.00 NOTE
r-release-macos-x86_64 0.1.0 40.00 NOTE
r-release-windows-x86_64 0.1.0 21.00 82.00 103.00 NOTE
r-oldrel-macos-arm64 0.1.0 27.00 OK
r-oldrel-macos-x86_64 0.1.0 44.00 OK
r-oldrel-windows-x86_64 0.1.0 23.00 81.00 104.00 OK

Check Details

Version: 0.1.0
Check: Rd files
Result: NOTE checkRd: (-1) image_line_segment_detector.Rd:65: Lost braces in \itemize; \value handles \item{}{} directly checkRd: (-1) image_line_segment_detector.Rd:66-72: Lost braces in \itemize; \value handles \item{}{} directly checkRd: (-1) image_line_segment_detector.Rd:73-76: Lost braces in \itemize; \value handles \item{}{} directly Flavors: r-devel-linux-x86_64-debian-clang, r-devel-linux-x86_64-debian-gcc, r-devel-linux-x86_64-fedora-clang, r-devel-linux-x86_64-fedora-gcc, r-devel-windows-x86_64, r-patched-linux-x86_64, r-release-linux-x86_64, r-release-macos-arm64, r-release-macos-x86_64, r-release-windows-x86_64

Version: 0.1.0
Check: package dependencies
Result: NOTE Package suggested but not available for checking: ‘magick’ Flavor: r-devel-linux-x86_64-debian-gcc

Version: 0.1.0
Check: examples
Result: ERROR Running examples in ‘image.LineSegmentDetector-Ex.R’ failed The error most likely occurred in: > base::assign(".ptime", proc.time(), pos = "CheckExEnv") > ### Name: image_line_segment_detector > ### Title: Line Segments Detection (LSD) in an image > ### Aliases: image_line_segment_detector > > ### ** Examples > > library(pixmap) > imagelocation <- system.file("extdata", "chairs.pgm", package="image.LineSegmentDetector") > image <- read.pnm(file = imagelocation, cellres = 1) Read 262144 items > x <- image@grey * 255 > > linesegments <- image_line_segment_detector(x) > linesegments Line Segment Detector found 700 line segments > plot(image) > plot(linesegments, add = TRUE, col = "red") > > > ## > ## image_line_segment_detector expects a matrix as input > ## if you have a jpg/png/... convert it to pgm first or take the r/g/b channel > library(magick) Error in library(magick) : there is no package called ‘magick’ Execution halted Flavor: r-devel-linux-x86_64-debian-gcc